(-14). Let a(g) = g**3 + 2*g + 3. What is a(m)?
3
Let j(i) = -125*i - 119. Let o be j(-1). Let t(v) = -v**2 - 4*v + 15. Calculate t(o).
-45
Let g(h) = -58*h**2 - 3*h - 2. Let i(k) = -194*k**2 - 11*k - 5. Let q(d) = 10*g(d) - 3*i(d). Suppose -4 = u + 1. Give q(u).
30
Let g(l) = -8 - 3*l**2 - 6*l + 22 + 2*l**2 - 14. Calculate g(-6).
0
Let n(x) = x**3 - 4*x**2 - 15*x + 9. Let z(h) = 91*h**2 + 544*h - 6. Let y be z(-6). Give n(y).
-9
Let h be (-2)/7 + (-102)/(-14). Let b be (h + -6 + 3)/1. Let f(n) = -4*n + 3 + b*n + 5 + n. Calculate f(-7).
1
Let n(x) = x**2 + 13*x + 32. Let j be n(-3). Let m(r) = -63*r**j + 70*r**2 - 2*r - r**3 - 5*r - 1. What is m(6)?
-7
Let y(d) = -2*d**3 - 27*d**2 - 11*d + 29. Let u be 1/((-128)/(-26) - -10*(-4)/8). Determine y(u).
3
Let f(n) = 21*n - 7*n - 6 + 1660*n**2 - 1662*n**2. What is f(6)?
6
Let g(j) be the third derivative of -j**6/120 + j**5/20 + 5*j**4/24 - j**3/3 - 86*j**2. Let m be 4/(-24) + (-7)/(-6). Let w = m + 2. What is g(w)?
13
Let l(z) = -z**3 - 27*z**2 - 106*z + 94. Let x be l(-22). Let o(v) = -7*v + 3. Determine o(x).
-39
Let i(m) be the third derivative of m**2 + 1/60*m**5 + 0*m**3 + 0 - 27*m - 1/6*m**4. Calculate i(-3).
21
Suppose 0 = 3*w + 2*y + 23, -5*w - 76*y = -71*y + 45. Let j(t) = -2*t**2 - 11*t - 8. What is j(w)?
-3
Let k(f) = -6*f**2 + 11*f + 17. Let n(r) = 10. Let d(x) = x**2 - 2*x - 11. Let c(i) = -5*d(i) - 4*n(i). Let h(m) = 7*c(m) - 6*k(m). What is h(-4)?
3
Let g(t) be the first derivative of t**4/4 + 4*t**3/3 - 3*t**2/2 + 5*t - 2231. Suppose -27 = 5*a - s + 3*s, -a - 8 = 3*s. Give g(a).
-5
Let n be 21 + (-414)/115*5. Let q(l) = -l**3 + 5*l**2 + l - 2. Calculate q(n).
19
Let o(a) = -14*a + 513. Let c(x) = 6*x - 227. Let y(h) = 9*c(h) + 4*o(h). Let w(d) = -d**3 + 5*d**2 + 14*d + 6. Let u be w(7). Give y(u).
-3
Let n(c) = 22*c - 37*c + 16 + 20*c + 24. Let u(s) = 2*s + 13. Let b(p) = -3*n(p) + 8*u(p). Calculate b(11).
-5
Let p(g) = g**3 - 6*g**2 + 8*g + 2. Let s(f) = 4*f**2 + 24*f + 5. Let d be s(-6). Give p(d).
17
Let s(w) = w**2 + 9*w + 4. Let m be (-6)/4*(-20)/(-30). Let n be (1 + m/(-3))/((-82)/123). Let v be -10 - (6/(-3) + n). Determine s(v).
-14
Let g(v) be the second derivative of -v**3/3 + 9*v**2/2 - v + 463. Suppose 27 = 5*p + 4*n + 9, 3*n - 21 = -5*p. Calculate g(p).
-3
Let k(z) = -19*z + 56. Let t(o) = -11*o + 31. Let x(l) = -4*k(l) + 7*t(l). Let m(g) = -g**2. Let y be m(-3). Let q be (-2)/(-9) + (-43)/y. Determine x(q).
-12
Let p(g) = -118*g - 308. Let d(r) = 105*r + 313. Let j(z) = -8*d(z) - 7*p(z). Calculate j(-25).
2
Let q(p) = -66*p**2 - 20*p - 2*p + 65*p**2 + 2. Let a = 2774 - 2796. Calculate q(a).
2
Let v be (-4 + 8/3)/(3/(-9)). Let z(c) = 5*c**2 - 19*c - 2. Let k be z(v). Let d(m) = m**2 - m - 1. What is d(k)?
1
Let g(v) be the first derivative of -6*v**4 - 2*v**3/3 - v**2/2 + 1. Let p be (17738/(-441) + 40)*18/4. Calculate g(p).
23
Suppose -7*b + 52 = -46. Let h be -2 + b/10 + 560/(-25). Let k = 14 + h. Let u(x) = -x**2 - 8*x + 3. Calculate u(k).
-6
Let s(z) = -6*z**2 + 29*z - 44. Let f be s(2). Let p(q) = -q**3 - 12*q**2 - 25*q - 27. Calculate p(f).
23
Suppose -7*m + 289 + 47 = 0. Let a = -60 + m. Let y = a - -8. Let s(l) = -4*l - 3. Calculate s(y).
13
Let c(o) = -6*o + 360. Suppose -1907*t = -1854*t - 3233. Give c(t).
-6
Let n(m) = -7*m**3 - m**2 + 2*m + 3. Let k(y) = -29*y + 2 + 3*y**3 - 3 + 28*y. Let q(s) = 9*k(s) + 4*n(s). Give q(-4).
7
Let q(a) be the second derivative of -5*a**4/6 + 2*a**3/3 - a**2/2 + 1957*a. Calculate q(1).
-7
Let j(o) = -o**2 + 557*o + 2806. Let s be j(-5). Let t(q) = q**2 - q - 15. Determine t(s).
5
Let b(u) = -3*u + 4*u + 9 - 17 + 30. What is b(-11)?
11
Let r(m) = -m**2 - 12*m - 13. Let u(w) = w**2 + 41*w + 130. Let n be u(-17). Let t = n - -268. Calculate r(t).
7
Let n(d) = d**2 + 12*d + 11. Suppose q - 19 = -5*j, -4*j + 6*j + 54 = 4*q. Suppose -3*r + q = -6*r - 4*u, -2*r - 5*u = 0. Give n(r).
-9
Let d(u) be the second derivative of u**5/20 + u**4/4 - 13*u**3/6 - 23*u**2 - 2592*u. Calculate d(-3).
-7
Suppose 3*g = -28 + 34. Suppose g = a - 3*a - 5*u, -2*a = -2*u - 12. Let v(c) = -c + 2. Give v(a).
-2
Let z(h) = 6*h + 30. Let x be z(-5). Let c(a) = x*a + 4*a + 10 - 3*a. Determine c(-6).
4
Suppose 96 = 514*k - 466*k. Let a(q) = 10*q - 30. Calculate a(k).
-10
Suppose 0 = -6*y + 10*y - 12. Suppose 5*n - 3 = k, 2*n - y*k = -2*k. Let b(x) = 6*x**2 + x - 1. What is b(n)?
6
Let k be (-21)/(-4) + 3/4. Let v = -2 + k. Let i(a) = 589*a + 61 - 587*a - 62. Calculate i(v).
7
Suppose 42*m - 5*r = 39*m - 101, -2*m + 5*r = 79. Let b(k) = -k - 45. Give b(m).
-23
Let s(n) = n**2 + 3*n - 20. Let f(g) = g**2 + 11*g + 12. Let q be ((-3)/5)/((-1)/(-15)). Let v be f(q). Let u be s(v). Let w(a) = -a**2 - a. Determine w(u).
-2
Let h = -548 - -804. Let m(r) = -4*r**2 - 248 + 5*r**2 + h - 10*r. Suppose 4*u + 45 = 9*u. What is m(u)?
-1
Let v(s) = -s**3 - 8*s**2 + 15*s + 7. Let x be v(-10). Let p be (-4)/(x/(-9) - -5). Suppose 2*m = y - 10, m - 6 = p*m + y. Let u(z) = -4*z + 5. What is u(m)?
21
Let u be (-110)/9 + (-8)/(-36). Let i(g) be the third derivative of g**4/24 - 639*g**2 - 1. What is i(u)?
-12
Suppose 5*r - 3*g - 2*g = -50, 5*g = -2*r + 15. Let y(f) be the first derivative of f**2 + 7*f + 1036. What is y(r)?
-3
Let i(r) be the second derivative of -r**5/20 + r**4/12 - r**3/3 + 20*r + 2. Let c = 59 + -57. Give i(c).
-8
Let b = 874 - 856. Let w(c) = 54*c + b - 55*c - 5*c. Calculate w(4).
-6
Let t(k) be the second derivative of k**6/90 + k**5/20 - 43*k**4/12 - 40*k. Let f(i) be the third derivative of t(i). Determine f(-4).
-26
Let q(i) = -i**2 + 3*i + 1. Suppose -2*m + 5*t + 1096 - 1093 = 0, 2*t - 18 = -4*m. Calculate q(m).
-3
Let t(m) = -8*m - 29 + 323 - 61 - 54 - 21. What is t(23)?
-26
Suppose 18*y - 20*y - 34 = -5*q, -2*y + 2*q - 16 = 0. Let b(o) = -2*o**2 - 16*o - 28. Determine b(y).
-4
Let w(b) = 3*b**2 + 6*b - 211 + 111 + 2*b - 2*b**2 + 112. What is w(-8)?
12
Let a(h) = 5*h**3 - 56*h**2 - 13*h + 87. Let z(p) = 7*p**3 - 75*p**2 - 18*p + 116. Let f(v) = 11*a(v) - 8*z(v). Give f(-16).
13
Let y(j) be the second derivative of j**5/20 - 5*j**4/4 + j**3/2 - 43*j**2/2 - 941*j. What is y(15)?
2
Let i(v) = -2*v**3 + 17*v**2 + 7*v + 3. Let x(z) = 4*z**2 + 178*z - 81. Let w be x(-45). Calculate i(w).
-15
Let o(m) = -5*m + 3. Let u = -376 + 380. Suppose -u*p - 136 = -124. Give o(p).
18
Let a be (-34)/(-14) - 132/308. Let k be a + (-5)/((-30)/(-18)). Let o(c) = c - 1 + 3*c + 0. What is o(k)?
-5
Let y(f) = f**3 + 18*f**2 + 11*f + 15. Let a(s) = -678*s - 2051. Let d be a(-3). Determine y(d).
117
Let x(j) = j + 37. Let m(d) = -2*d**2 - 7*d + 10. Let c be m(-5). Let i be x(c). Let q = 26 - i. Let h(o) = o**2 + 3*o - 8. Calculate h(q).
10
Let w(f) = 2*f + 44. Let x(u) = 2*u**3 - u**2 - 111*u - 21. Let k be x(0). Determine w(k).
2
Suppose -o - 1 = -3. Let w(b) = b**3 + 0*b**2 - 8 + b**o - 8*b**2 + 2*b + 8*b. Let s be 22/(-33)*6/(-50) + (-1036)/(-175). What is w(s)?
16
Let x = -4689 - -4688. Let z(m) = -34*m**2 - m - 3. Calculate z(x).
-36
Let m(k) = 2*k**3 + 3. Let z be ((-70)/245)/((-1)/7). Suppose 10 = z*u, -4*y = 4*u - 15 + 3. Determine m(y).
-13
Suppose 24*n + 2 = 25*n. Let f(k) = -10*k - 4*k**2 - 6*k + 14*k + 3 + 5*k**n. Let o = 20 + -16. Calculate f(o).
11
Let f(y) = y**2 - 12. Let d be f(0). Let w be 18/8 + d/48. Let u(p) = -p**w - 5*p + 7 - 4 - 4. What is u(-5)?
-1
Let s(h) be the second derivative of -3/4*h**4 - 10*h + 1/20*h**5 + 4/3*h**3 + 0 - 3*h**2. Let g(u) = 2*u + 20. Let y be g(-6). Calculate s(y).
-6
Suppose -74 + 34 = -2*i + 10*i. Let d(z) = -2*z**2 + 7*z + 5. Calculate d(i).
-80
Let m be 3*12/(-36)*2*1. Let i(l) = -6*l + 3. Let t(q) = 4*q. Let y(g) = 5*g. Let r(v) = 6*t(v) - 5*y(v). Let x(n) = i(n) - 15*r(n). Determine x(m).
-15
Let j = -30774 + 30779. Let b(v) = -3*v**2 - 5*v + 32. What is b(j)?
-68
Let a be ((-39)/(-6) - 6)*(49 + 4 + 3). Let k(x) = -x**2 + 30*x - 57. Give k(a).
-1
Let j(x) = -x**3 + 5*x**2 - 4*x + 10. Let d be j(4). Suppose -8*r = -d*r + 42. Suppose r = 7*t - 4*t. Let w(b) = b**2 - 8*b + 3. Give w(t).
-4
Let w(d) = -11*d + 593*d**2 + 7*d - 2 - 297*d**2 - 7*d - 320*d**2. What is w(-1)?
-15
Let z = 53 + -45. Suppose 0 = -z*v + 15 + 17. Let y(t) = v*t + 11*t - t**2 - 24*t. What is y(-8)?
8
Let n be (10*(-10)/(-200))/((-1)/2) + 3. Let g(y) be